{"id":367,"date":"2022-10-20T10:51:38","date_gmt":"2022-10-20T10:51:38","guid":{"rendered":"https:\/\/chronovoros.com\/?page_id=367"},"modified":"2025-06-14T20:33:54","modified_gmt":"2025-06-14T20:33:54","slug":"short-stories","status":"publish","type":"page","link":"https:\/\/chronovoros.com\/?page_id=367","title":{"rendered":"SHORT STORIES: 2025"},"content":{"rendered":"\n<p><a href=\"https:\/\/translunartravelerslounge.com\/2025\/02\/15\/12-things-no-one-will-tell-you-about-being-a-demigod-by-danai-christopoulou\/\" target=\"_blank\" rel=\"noreferrer noopener\">12 Things No One Will Tell You About Being a Demigod<\/a> \u2014 in Translunar Travelers Lounge<\/p>\n\n\n\n<figure class=\"wp-block-image size-full\"><img decoding=\"async\" loading=\"lazy\" width=\"640\" height=\"1024\" src=\"https:\/\/chronovoros.com\/wp-content\/uploads\/2025\/06\/ttl-12-cover_640.jpg\" alt=\"\" class=\"wp-image-535\" srcset=\"https:\/\/chronovoros.com\/wp-content\/uploads\/2025\/06\/ttl-12-cover_640.jpg 640w, https:\/\/chronovoros.com\/wp-content\/uploads\/2025\/06\/ttl-12-cover_640-188x300.jpg 188w\" sizes=\"(max-width: 640px) 100vw, 640px\" \/><\/figure>\n\n\n\n<hr class=\"wp-block-separator has-alpha-channel-opacity\"\/>\n\n\n\n<h2 class=\"wp-block-heading\">2024<\/h2>\n\n\n\n<h2 class=\"wp-block-heading\">FLAME TREE PRESS MEDUSA ANTHOLOGY<\/h2>\n\n\n\n<p>My Greek heart is so happy to be a part of a new, exciting <a href=\"https:\/\/blog.flametreepublishing.com\/fantasy-gothic\/myths-gods-immortals-contents-announcement-medusa\" target=\"_blank\" rel=\"noreferrer noopener\">Flame Tree Press anthology about Medusa<\/a>!<\/p>\n\n\n\n<p>Pegasus, <a rel=\"noreferrer noopener\" href=\"https:\/\/www.icaruswritingcollective.com\/the-sun-issue\/pegasus\" target=\"_blank\">first published in&nbsp;Icarus Zine<\/a>&nbsp;and nominated for a Pushcart Prize, was the first short story I ever wrote and I\u2019m thrilled that it now has a second home. Launching Flame Tree Press&#8217;s series of Myths, Gods &amp; Immortals, the Medusa anthology explores this fascinating mythological figure and the various interpretations of her from ancient times to the present day. The anthology is out now!<\/p>\n\n\n\n<figure class=\"wp-block-image size-full\"><img decoding=\"async\" loading=\"lazy\" width=\"706\" height=\"394\" src=\"https:\/\/chronovoros.com\/wp-content\/uploads\/2024\/08\/Screenshot-2024-08-10-at-1.59.41-PM.png\" alt=\"\" class=\"wp-image-474\" srcset=\"https:\/\/chronovoros.com\/wp-content\/uploads\/2024\/08\/Screenshot-2024-08-10-at-1.59.41-PM.png 706w, https:\/\/chronovoros.com\/wp-content\/uploads\/2024\/08\/Screenshot-2024-08-10-at-1.59.41-PM-300x167.png 300w\" sizes=\"(max-width: 706px) 100vw, 706px\" \/><\/figure>\n\n\n\n<div class=\"wp-block-buttons is-content-justification-center is-layout-flex wp-container-1\">\n<div class=\"wp-block-button\"><a class=\"wp-block-button__link wp-element-button\" href=\"https:\/\/www.flametreepublishing.com\/medusa-isbn-9781804179338.html\" target=\"_blank\" rel=\"noreferrer noopener\">Buy your copy <\/a><\/div>\n<\/div>\n\n\n\n<p><\/p>\n\n\n\n<hr class=\"wp-block-separator has-alpha-channel-opacity\"\/>\n\n\n\n<h2 class=\"wp-block-heading\">AWARDS ELIGIBILITY 2023<\/h2>\n\n\n\n<p>This is my first awards eligibility post! If you&#8217;re reading for the Nebula, Hugo, Locus or Bram Stoker Awards, please find the links to my short stories published in 2023 below:<\/p>\n\n\n\n<figure class=\"wp-block-image size-large\"><img decoding=\"async\" loading=\"lazy\" width=\"1024\" height=\"1024\" src=\"https:\/\/chronovoros.com\/wp-content\/uploads\/2023\/11\/Awards-Eligibility-Post-2023-1024x1024.png\" alt=\"\" class=\"wp-image-444\" srcset=\"https:\/\/chronovoros.com\/wp-content\/uploads\/2023\/11\/Awards-Eligibility-Post-2023-1024x1024.png 1024w, https:\/\/chronovoros.com\/wp-content\/uploads\/2023\/11\/Awards-Eligibility-Post-2023-300x300.png 300w, https:\/\/chronovoros.com\/wp-content\/uploads\/2023\/11\/Awards-Eligibility-Post-2023-150x150.png 150w, https:\/\/chronovoros.com\/wp-content\/uploads\/2023\/11\/Awards-Eligibility-Post-2023-768x768.png 768w, https:\/\/chronovoros.com\/wp-content\/uploads\/2023\/11\/Awards-Eligibility-Post-2023.png 1080w\" sizes=\"(max-width: 1024px) 100vw, 1024px\" \/><\/figure>\n\n\n\n<hr class=\"wp-block-separator has-alpha-channel-opacity is-style-default\"\/>\n\n\n\n<p><strong>BRIDE OF THE GULF<\/strong><br><strong>Publication:<\/strong> January 2023. <strong>Publishe<\/strong>r: kh\u014dr\u00e9\u014d, issue 2.4. <strong>Words:<\/strong> 2900. <strong>Genre:<\/strong> Fantasy<br>This is a story about remembering and forgetting\u2014and about ancient myths living among us. It was reviewed in <a rel=\"noreferrer noopener\" href=\"http:\/\/strangehorizons.com\/non-fiction\/short-fiction-treasures-quarterly-fiction-roundup-6\/\" target=\"_blank\">Strange Horizons by Maria Haskins<\/a> who called it &#8220;a compelling tale that gave me goosebumps at the end.&#8221; The story has also been included in the (unofficial) <a rel=\"noreferrer noopener\" href=\"https:\/\/docs.google.com\/spreadsheets\/d\/13nJN6c8oo6CSTaotXM5EYqQdEa-3b7JPEDPeuhrI2UA\/edit#gid=694460645\" target=\"_blank\">Hugo Reading List compiled by Lady Business blog<\/a>, featured in a <a rel=\"noreferrer noopener\" href=\"https:\/\/bookriot.com\/greek-writers-of-greek-mythology-retellings\/\" target=\"_blank\">BookRiot article about Greek myth retellings by Greek writers<\/a>, and included in Lyndsie Manusos&#8217;s <a rel=\"noreferrer noopener\" href=\"https:\/\/lyndsiekay.wordpress.com\/publications\/lyndsies-favorite-reads-2023\/\" target=\"_blank\">Best Fiction of 2023 roundup<\/a>. If you&#8217;re a SFWA member, you can find this story in the official <a rel=\"noreferrer noopener\" href=\"https:\/\/www.sfwa.org\/forum\/reading\/work\/7961-bride-of-the-gulf\/\" target=\"_blank\">Nebula Reading List<\/a>. <\/p>\n\n\n\n<p>Link: <a rel=\"noreferrer noopener\" href=\"https:\/\/www.khoreomag.com\/fiction\/bride-of-the-gulf\/\" target=\"_blank\">https:\/\/www.khoreomag.com\/fiction\/bride-of-the-gulf\/<\/a> <\/p>\n\n\n\n<p><strong>PEGASUS<\/strong><br><strong>Publication:<\/strong> June 2023. <strong>Publishe<\/strong>r: The Icarus Writing Collective, issue 01 <strong>Words:<\/strong> 996. <strong>Genre:<\/strong> Fantasy<br>Written from the perspective of Medusa&#8217;s child, Pegasus, this is a story about death and rebirth, about sacrifice and revenge, about motherly love and winged fury. I&#8217;m thrilled to say Pegasus has been nominated <a href=\"https:\/\/twitter.com\/icaruszine\/status\/1749908638263656744\" target=\"_blank\" rel=\"noreferrer noopener\">for the Pushcart Prize!<\/a><\/p>\n\n\n\n<p>Link: <a href=\"https:\/\/www.icaruswritingcollective.com\/the-sun-issue\/pegasus\" target=\"_blank\" rel=\"noreferrer noopener\">https:\/\/www.icaruswritingcollective.com\/the-sun-issue\/pegasus<\/a> <\/p>\n\n\n\n<p><strong>WHEN WE BECAME TREES<\/strong><br><strong>Publication:<\/strong> October 2023. <strong>Publishe<\/strong>r: Hex Literary. <strong>Words:<\/strong> 690. <strong>Genre:<\/strong> Sci-fi\/Horror<br>Written in 1st person plural, this is a story about burial pods gone wrong and sentient trees that are very, very hungry for company\u2014and would like you to join them. I&#8217;m excited to say that When We Became Trees has been nominated for <a href=\"https:\/\/twitter.com\/hexliterary\/status\/1751622345582625071\" target=\"_blank\" rel=\"noreferrer noopener\">Best Small Fictions 2024<\/a>!<\/p>\n\n\n\n<p>Link: <a href=\"https:\/\/hexliterary.com\/?p=1851\" target=\"_blank\" rel=\"noreferrer noopener\">https:\/\/hexliterary.com\/?p=1851<\/a> <\/p>\n\n\n\n<p><strong>SUNSET WITH THE SIXTH<\/strong><br><strong>Publication:<\/strong> November 2023. <strong>Publishe<\/strong>r: Fusion Fragment #19. <strong>Words:<\/strong> 2021. <strong>Genre:<\/strong> Sci-fi\/Fantasy<br>Written in 2nd person from the POV of the Sixth Caryatid that is currently in the British Museum, this is a story about the Parthenon marbles&#8217; repatriation (an issue very close to my heart) amid an apocalypse. The amazing cover art of Issue #19 by artist @carlydraws was inspired by this story. <a href=\"https:\/\/www.sfwa.org\/forum\/reading\/work\/7964-sunset-with-the-sixth\/\" target=\"_blank\" rel=\"noreferrer noopener\">SUNSET WITH THE SIXTH appears on the Nebula Reading List<\/a>.<\/p>\n\n\n\n<p>Link to the Fusion Fragment issue: <a rel=\"noreferrer noopener\" href=\"https:\/\/www.fusionfragment.com\/issue-19\/\" target=\"_blank\">https:\/\/www.fusionfragment.com\/issue-19\/<\/a>  (the PDF is free)<\/p>\n\n\n\n<p>Check also Fusion Fragment&#8217;s official Awards Eligibility post (including SUNSET WITH THE SIXTH) here: <a rel=\"noreferrer noopener\" href=\"https:\/\/www.fusionfragment.com\/2023-awards-eligibility\/\" target=\"_blank\">https:\/\/www.fusionfragment.com\/2023-awards-eligibility\/<\/a> <\/p>\n\n\n\n<hr class=\"wp-block-separator has-alpha-channel-opacity\"\/>\n\n\n\n<h2 class=\"wp-block-heading\">2023 SHORT STORY HIGHLIGHT: BRIDE OF THE GULF<\/h2>\n\n\n\n<p><em>Published in <a href=\"https:\/\/www.khoreomag.com\/fiction\/bride-of-the-gulf\/\">kh\u014dr\u00e9\u014d 2.4<\/a><\/em><\/p>\n\n\n\n<p>A folk tale I was obsessed with as a kid, set in Thessaloniki, one of my favorite Greek cities. If stories about mermaids, music, memory and murder sound like your jam, do have a read, or listen to the amazing audio version narrated by Kat Kourbeti. It&#8217;s now available for free on the magazine&#8217;s website.<\/p>\n\n\n\n<figure class=\"wp-block-image size-large\"><a href=\"https:\/\/www.khoreomag.com\/fiction\/bride-of-the-gulf\/\"><img decoding=\"async\" loading=\"lazy\" width=\"1024\" height=\"1024\" src=\"https:\/\/chronovoros.com\/wp-content\/uploads\/2023\/03\/Bride-of-the-Gulf-1024x1024.png\" alt=\"\" class=\"wp-image-400\" srcset=\"https:\/\/chronovoros.com\/wp-content\/uploads\/2023\/03\/Bride-of-the-Gulf-1024x1024.png 1024w, https:\/\/chronovoros.com\/wp-content\/uploads\/2023\/03\/Bride-of-the-Gulf-300x300.png 300w, https:\/\/chronovoros.com\/wp-content\/uploads\/2023\/03\/Bride-of-the-Gulf-150x150.png 150w, https:\/\/chronovoros.com\/wp-content\/uploads\/2023\/03\/Bride-of-the-Gulf-768x768.png 768w, https:\/\/chronovoros.com\/wp-content\/uploads\/2023\/03\/Bride-of-the-Gulf.png 1080w\" sizes=\"(max-width: 1024px) 100vw, 1024px\" \/><\/a><\/figure>\n\n\n\n<hr class=\"wp-block-separator has-alpha-channel-opacity is-style-wide\"\/>\n\n\n\n<h1 class=\"wp-block-heading\">SHORT STORIES: 2022<\/h1>\n\n\n\n<p>While waiting to hear back from my novels, I started writing short stories to keep myself sane \u2014 and fell in love with short formats and how well they lend to experimenting with genre. <\/p>\n\n\n\n<p>Below, are some of my shorts that were published in 2022.<\/p>\n\n\n\n<h2 class=\"wp-block-heading\">THE MOON IS ALL WRONG HERE<\/h2>\n\n\n\n<p><em>Published in <a rel=\"noreferrer noopener\" href=\"https:\/\/www.havenspec.com\/the-moon-is-all-wrong-here\" target=\"_blank\">Haven Spec #7<\/a><\/em><\/p>\n\n\n\n<figure class=\"wp-block-image size-large\"><a href=\"https:\/\/www.havenspec.com\/the-moon-is-all-wrong-here\"><img decoding=\"async\" loading=\"lazy\" width=\"1024\" height=\"576\" src=\"https:\/\/chronovoros.com\/wp-content\/uploads\/2022\/11\/Book-quotes-in-pretty-background-for-Twitter-11-1024x576.png\" alt=\"\" class=\"wp-image-382\" srcset=\"https:\/\/chronovoros.com\/wp-content\/uploads\/2022\/11\/Book-quotes-in-pretty-background-for-Twitter-11-1024x576.png 1024w, https:\/\/chronovoros.com\/wp-content\/uploads\/2022\/11\/Book-quotes-in-pretty-background-for-Twitter-11-300x169.png 300w, https:\/\/chronovoros.com\/wp-content\/uploads\/2022\/11\/Book-quotes-in-pretty-background-for-Twitter-11-768x432.png 768w, https:\/\/chronovoros.com\/wp-content\/uploads\/2022\/11\/Book-quotes-in-pretty-background-for-Twitter-11-1536x864.png 1536w, https:\/\/chronovoros.com\/wp-content\/uploads\/2022\/11\/Book-quotes-in-pretty-background-for-Twitter-11.png 1600w\" sizes=\"(max-width: 1024px) 100vw, 1024px\" \/><\/a><\/figure>\n\n\n\n<p>Set in an exoplanet that become&#8217;s humanity&#8217;s second chance at living, this is a story about learning to belong in a world that&#8217;s very different to the one that made you who you are, and about finding new ways to re-awaken your magic.<\/p>\n\n\n\n<hr class=\"wp-block-separator has-alpha-channel-opacity is-style-wide\"\/>\n\n\n\n<h2 class=\"wp-block-heading\">THIRTEEN SHIPS FOR THE RISING WORLD<\/h2>\n\n\n\n<p><em>Co-written with<a href=\"https:\/\/asperwitch.neocities.org\/\" target=\"_blank\" rel=\"noreferrer noopener\"> Len Klapdor<\/a> and <a href=\"https:\/\/www.ajvanbelle.com\/\" target=\"_blank\" rel=\"noreferrer noopener\">A. J. Van Belle.<\/a> <br>Published in <a href=\"https:\/\/flourishfiction.substack.com\/p\/thirteen-ships-for-the-rising-world\" target=\"_blank\" rel=\"noreferrer noopener\">Flourish Fiction<\/a>. <\/em><\/p>\n\n\n\n<figure class=\"wp-block-image size-full\"><a href=\"https:\/\/flourishfiction.substack.com\/p\/thirteen-ships-for-the-rising-world\"><img decoding=\"async\" loading=\"lazy\" width=\"800\" height=\"557\" src=\"https:\/\/chronovoros.com\/wp-content\/uploads\/2022\/11\/Screenshot-2022-11-22-at-3.44.00-PM.png\" alt=\"\" class=\"wp-image-378\" srcset=\"https:\/\/chronovoros.com\/wp-content\/uploads\/2022\/11\/Screenshot-2022-11-22-at-3.44.00-PM.png 800w, https:\/\/chronovoros.com\/wp-content\/uploads\/2022\/11\/Screenshot-2022-11-22-at-3.44.00-PM-300x209.png 300w, https:\/\/chronovoros.com\/wp-content\/uploads\/2022\/11\/Screenshot-2022-11-22-at-3.44.00-PM-768x535.png 768w\" sizes=\"(max-width: 800px) 100vw, 800px\" \/><\/a><\/figure>\n\n\n\n<blockquote class=\"wp-block-quote\">\n<p>&#8220;Finally, I can do something more than bury the dead. I can give a second chance to the living.&#8221;<\/p>\n<\/blockquote>\n\n\n\n<p>Amidst a dying world, three generations of people (an activist, a scientist and an old woman on the brink of death) are doing their best to save the seeds of humanity.<\/p>\n\n\n\n<hr class=\"wp-block-separator has-alpha-channel-opacity is-style-wide\"\/>\n\n\n\n<h2 class=\"wp-block-heading\">STARDUST<\/h2>\n\n\n\n<p><em>Co-written with <a rel=\"noreferrer noopener\" href=\"https:\/\/asperwitch.neocities.org\/\" target=\"_blank\">Len Klapdor<\/a>. <br>Originally published in the <a rel=\"noreferrer noopener\" href=\"https:\/\/www.amazon.com\/gp\/product\/B097Q4LGHH?pf_rd_r=THCQ4GB9TPRHYNNA9ADP&amp;pf_rd_p=6fc81c8c-2a38-41c6-a68a-f78c79e7253f&amp;pd_rd_r=5579aa47-819c-427a-ab51-3d07a39e2703&amp;pd_rd_w=xeUOI&amp;pd_rd_wg=ukRIx&amp;ref_=pd_gw_unk\" target=\"_blank\">Heads &amp; Tales anthology<\/a>, reprinted in <a rel=\"noreferrer noopener\" href=\"https:\/\/ethereamagazine.com\/product\/etherea-magazine-14\/\" target=\"_blank\">Etherea Magazine #14<\/a>.<\/em><\/p>\n\n\n<div class=\"wp-block-image\">\n<figure class=\"aligncenter size-full\"><img decoding=\"async\" loading=\"lazy\" width=\"480\" height=\"684\" src=\"https:\/\/chronovoros.com\/wp-content\/uploads\/2022\/11\/Screenshot-2022-11-22-at-3.37.20-PM.png\" alt=\"\" class=\"wp-image-374\" srcset=\"https:\/\/chronovoros.com\/wp-content\/uploads\/2022\/11\/Screenshot-2022-11-22-at-3.37.20-PM.png 480w, https:\/\/chronovoros.com\/wp-content\/uploads\/2022\/11\/Screenshot-2022-11-22-at-3.37.20-PM-211x300.png 211w\" sizes=\"(max-width: 480px) 100vw, 480px\" \/><figcaption class=\"wp-element-caption\">Poster for Stardust, created by Etherea Magazine<\/figcaption><\/figure><\/div>\n\n\n<p>Departing from the myth of Medusa and Perseus, this short story tells the shocking tale of two warring factions and their horrible weapons. Perseus hunts the monster that turned his home planet Argos into stone. But when he finds Medusa, his enemy\u2019s pet scientist and creator of the abhorrent Petro-Virus, on a remote asteroid with her ship destroyed, he is confronted with truths that shake his beliefs to the core.<\/p>\n\n\n\n<p><strong>Is Medusa really the monster Perseus made her out to be? And what if they could still save Argos?<\/strong><\/p>\n\n\n\n<figure class=\"wp-block-image size-large\"><img decoding=\"async\" loading=\"lazy\" width=\"1024\" height=\"576\" src=\"https:\/\/chronovoros.com\/wp-content\/uploads\/2022\/11\/Book-quotes-in-pretty-background-for-Twitter-10-1024x576.png\" alt=\"\" class=\"wp-image-373\" srcset=\"https:\/\/chronovoros.com\/wp-content\/uploads\/2022\/11\/Book-quotes-in-pretty-background-for-Twitter-10-1024x576.png 1024w, https:\/\/chronovoros.com\/wp-content\/uploads\/2022\/11\/Book-quotes-in-pretty-background-for-Twitter-10-300x169.png 300w, https:\/\/chronovoros.com\/wp-content\/uploads\/2022\/11\/Book-quotes-in-pretty-background-for-Twitter-10-768x432.png 768w, https:\/\/chronovoros.com\/wp-content\/uploads\/2022\/11\/Book-quotes-in-pretty-background-for-Twitter-10-1536x864.png 1536w, https:\/\/chronovoros.com\/wp-content\/uploads\/2022\/11\/Book-quotes-in-pretty-background-for-Twitter-10.png 1600w\" sizes=\"(max-width: 1024px) 100vw, 1024px\" \/><\/figure>\n","protected":false},"excerpt":{"rendered":"<p>12 Things No One Will Tell You About Being a Demigod \u2014 in Translunar Travelers Lounge 2024 FLAME TREE PRESS MEDUSA ANTHOLOGY My Greek&#8230;<\/p>\n","protected":false},"author":1,"featured_media":0,"parent":0,"menu_order":0,"comment_status":"closed","ping_status":"closed","template":"","meta":[],"_links":{"self":[{"href":"https:\/\/chronovoros.com\/index.php?rest_route=\/wp\/v2\/pages\/367"}],"collection":[{"href":"https:\/\/chronovoros.com\/index.php?rest_route=\/wp\/v2\/pages"}],"about":[{"href":"https:\/\/chronovoros.com\/index.php?rest_route=\/wp\/v2\/types\/page"}],"author":[{"embeddable":true,"href":"https:\/\/chronovoros.com\/index.php?rest_route=\/wp\/v2\/users\/1"}],"replies":[{"embeddable":true,"href":"https:\/\/chronovoros.com\/index.php?rest_route=%2Fwp%2Fv2%2Fcomments&post=367"}],"version-history":[{"count":18,"href":"https:\/\/chronovoros.com\/index.php?rest_route=\/wp\/v2\/pages\/367\/revisions"}],"predecessor-version":[{"id":536,"href":"https:\/\/chronovoros.com\/index.php?rest_route=\/wp\/v2\/pages\/367\/revisions\/536"}],"wp:attachment":[{"href":"https:\/\/chronovoros.com\/index.php?rest_route=%2Fwp%2Fv2%2Fmedia&parent=367"}],"curies":[{"name":"wp","href":"https:\/\/api.w.org\/{rel}","templated":true}]}}